*i - 2 = -i. Let p(l) = l**3 + 2*l - 1. Calculate p(c).
11
Let s(v) = 2*v**3 + v**2 + v + 2. Let t be (32/48)/(1/(-3)). Determine s(t).
-12
Suppose 3*m - 4*y + 22 = -18, 2*y - 62 = 5*m. Let t(d) = -d**2 - 10*d + 17. Determine t(m).
-7
Let v(i) = -i**2 - i + 1. Let b = 4 + -7. Let y be b/(9/3)*-1. What is v(y)?
-1
Let v be (-2 + 1)*(0 - 0). Suppose 2*g + 0*g - 4 = v. Suppose u + 0*u - 3*a - 21 = 0, -3*u - g*a = -8. Let q(j) = j - 2. Determine q(u).
4
Let f(b) = -5*b**3 - 2*b - 1. Let g(u) = -u - 8. Let o(a) = a**2 - 8*a + 4. Let q be o(6). Let i be g(q). Suppose 3*p - 1 + 4 = i. Give f(p).
6
Let c = 7 + -11. Let n(y) = -y**2 - 5*y + 2. Calculate n(c).
6
Let b(q) = -5*q**3 + q**2. Suppose 5*x = m - 12, -3*m = m - 4*x. Let r = -4 - m. Give b(r).
6
Let q(u) = -5*u - 6. Let o(d) = -3*d - 22. Let a be o(-6). Give q(a).
14
Let u(x) = 2*x + 7 + 4*x**2 + 0*x - 4 - 8 - x**3. Determine u(4).
3
Let r(v) = -v - 1. Let i(s) = 6*s**2 + s + 2. Let t(k) = -i(k) - 3*r(k). Suppose -13*b = -0*b + 13. Calculate t(b).
-7
Suppose -6 = 6*b - 8*b. Suppose 0 = b*i + 1 - 7. Let z(r) = 3*r**2 - 3*r + 2. Calculate z(i).
8
Suppose 10 = 4*b - 22. Let s = b - 6. Let q be (0 + s)*(1 - 0). Let k(h) = 2*h - 3. Calculate k(q).
1
Let d(a) = -a + 10. Let w(f) = -f + 10. Let h(l) = 3*d(l) - 2*w(l). Give h(7).
3
Let y = -10 + 18. Let b(t) = t**2 + 4*t - y + 8. Let f(z) = z**3 - 3*z**2 + 2*z - 3. Let k be f(2). Give b(k).
-3
Let j(b) = 2*b - 22. Let y be j(10). Let a(z) = z**3 - z**2 - 3*z - 1. Determine a(y).
-7
Let h = 40 + -39. Let f(q) = 6*q**2 - 1. Give f(h).
5
Let j(z) = 20*z**2 - z + 1. Let g be j(1). Suppose 0 = -t - 3*t + g. Let h(r) = -r**3 + 4*r**2 + 5*r - 2. Calculate h(t).
-2
Let o = 33 + -35. Let t(p) = p**3 + 2*p**2 + 4*p + 2. Give t(o).
-6
Suppose -10 = 6*q - q. Let h(n) be the first derivative of n**3/6 - 2*n + 2. Let y(v) be the first derivative of h(v). Give y(q).
-2
Suppose 3*f - 7 = 5. Suppose 0 = -2*j + 2*a + 8, f = j - 5*a - 0. Let i = -1 - j. Let o(u) = -u**3 - 5*u**2 - 3*u - 5. What is o(i)?
10
Let o(u) = -1 + 12*u + 10*u - 19*u. Give o(-3).
-10
Let y(o) be the third derivative of o**4/24 - 4*o**3/3 - 9*o**2. Give y(0).
-8
Let o(h) = 2*h**3 - 3*h**2 - 5*h + 4. Let j = 23 + -20. Determine o(j).
16
Let t = -10 - -7. Let q(k) = -k**2 - k + 3. Let y be q(t). Let u be 3*2*y/(-6). Let v(o) = -o**2 + 2*o + 2. Give v(u).
-1
Let l(t) = 5*t**2 + 3*t + 2. Let q(p) = p**2. Let g(u) = -l(u) + 4*q(u). Let b = 18 + -25. Let c be 1 + b - (1 - 3). Determine g(c).
-6
Let r be (2 + -1 + -1)/(-1). Suppose g + r*g - 2 = 0. Let f(d) = 2*d - 2. Determine f(g).
2
Suppose v = 3 - 0. Let b(j) = -3*j**2 - j**2 - 2*j - 2*j**2 + 9 - j**v - 4. Calculate b(-5).
-10
Let m(f) = -9*f. Let k be ((-4)/(-3))/(1/3). Let n = -3 + k. Determine m(n).
-9
Let p be (-3)/((-12)/16) + 20. Let l = 20 - p. Let i(m) = -m**2 - 3*m - 3. Give i(l).
-7
Let a(b) = 7 - b**2 + 4*b**2 - 3*b**2 + b**2. Let h(i) = i**2 + 2*i + 2. Let x be h(-2). Suppose -k - x*k = 0. Determine a(k).
7
Let f(t) = -t**3 - 5*t**2 - 5*t - 3. Let c be f(-4). Suppose 9 = 5*y + 4. Let w(q) = -6*q + 1. Let r(a) = -1. Let o(l) = y*w(l) + r(l). Calculate o(c).
-6
Let h(v) = v**3 + 4*v**2 - 5*v - 5. Let c be 2/(1/1) - -25. Let l = -18 + c. Let s = 4 - l. What is h(s)?
-5
Let g(p) = -3*p + 3. Let w(v) = v**3 - 4*v**2 + 4*v - 1. Suppose a + 5 = 2*a. Suppose 0 = -0*b - a*b + 15. Let h be w(b). What is g(h)?
-3
Let y(s) = s + s - 2*s**2 + 3*s**2 + 0*s. Determine y(-5).
15
Let l(u) = 9*u - u**2 - 99 - 97 + 189. Calculate l(8).
1
Suppose 24 - 10 = 7*q. Let b(x) = x - 2. Determine b(q).
0
Let t(l) = -2*l - 2. Let q(p) = -2*p - 15. Let n be q(-6). Give t(n).
4
Let t be 12 + -17 - (-8)/2. Let s(o) = -o. What is s(t)?
1
Let m be -20*(-1)/4*-3. Let t = m + 14. Let x(j) = 7*j + 1. Determine x(t).
-6
Let w(f) = 6*f**3 + 8*f - 12. Let i(z) = -5*z**3 - 7*z + 11. Let r(t) = 7*i(t) + 6*w(t). Calculate r(0).
5
Let s be (0 - 0) + -1 + 4. Suppose 4 = 2*k + s*h + 5, -4*k + 19 = -h. Let d(a) = -4*a + 6. Give d(k).
-10
Let h(n) = -5*n + 11. Let x = -4 - -9. Suppose -x*f = -v, 15 = -5*v - 4*f + 44. Let o(d) = 3*d - 7. Let g(l) = v*h(l) + 8*o(l). Give g(-1).
0
Let z(s) = 4*s**3 + 9*s**2 + 3*s + 3. Let g(p) = 5*p**3 + 10*p**2 + 2*p + 4. Let f(w) = 3*g(w) - 4*z(w). What is f(-5)?
5
Suppose 0 = 3*o - 13 - 26. Let p = 7 - o. Let x(m) = -m**2 - 5*m + 5. Calculate x(p).
-1
Let n be (-5)/(-2)*(-140)/(-50). Let l(d) be the third derivative of d**4/24 - d**3/6 - 5*d**2. Calculate l(n).
6
Suppose -4*c - 29 = i, -2*i = 2*c - 0*i + 22. Let z(d) = -d**2 - 3*d + 3. Determine z(c).
-15
Let j(x) = -x - 8. Let k be j(-8). Let d be k*((-9)/6 + 2). Let n(b) = -3*b**2 - 4*b + 1. Let f(o) = 5*o**2 + 7*o - 1. Let y(s) = 4*f(s) + 7*n(s). What is y(d)?
3
Let o be ((-7)/(-14))/((-2)/(-12)). Let c(k) = -2*k - 1. What is c(o)?
-7
Let x be 2*2 + 0/2. Let o(y) = -11*y**3 + 12*y**2 - 14*y - 11. Let l(q) = -4*q**3 + 4*q**2 - 5*q - 4. Let g(t) = 8*l(t) - 3*o(t). Give g(x).
9
Let f(y) be the third derivative of y**2 - 5/12*y**4 + 0*y + 0 + 0*y**3. What is f(-1)?
10
Let s(k) be the third derivative of 1/60*k**5 + k**2 + 0 + 1/30*k**6 + 0*k**3 + 0*k + 0*k**4. Let r be s(1). Let t(o) = o - 2. Calculate t(r).
3
Let v(r) = r**2 - 6*r + 7. Let w be v(2). Let g(f) = -7*f. What is g(w)?
7
Let b(n) be the first derivative of -n - 6 - 1/3*n**3 + 5/2*n**2. Determine b(2).
5
Suppose 5*n + 15 + 15 = 0. Let f(j) = 5*j**2 + 10*j - 8. Let g(m) = 9*m**2 + 19*m - 15. Let y(v) = 7*f(v) - 4*g(v). Determine y(n).
4
Suppose 3*x + x - 48 = 0. Let k = x + -17. Let p(n) be the first derivative of -n**4/4 - 5*n**3/3 - 5*n - 2. Calculate p(k).
-5
Suppose -4*f + 3*f + 5 = 0. Let o(x) = -1 - x + 3*x - f*x + x**2. Give o(3).
-1
Let r = -8 + 13. Let w(g) = -2*g**2 + 4*g - 6*g**2 + 7 + 7*g**2 - 5. Let s be w(r). Let c(z) = -z**2 - 2*z + 3. What is c(s)?
0
Let z(h) be the second derivative of -3*h**2 + 0 - 1/20*h**5 + 1/2*h**4 + 4*h + 1/3*h**3. Determine z(6).
6
Let l = 2 + 0. Let p(d) = -2*d**2 - d**2 - 4 - d**3 + 2*d**l + 5. Suppose -4 + 5 = -v. Give p(v).
1
Let b(d) = 0 + 3*d - d**2 + 1 + 3*d**2. Suppose 4*a - 30 + 2 = 0. Suppose -a*v - 6 = -5*v. Calculate b(v).
10
Suppose -5*y - 3*q - 5 = -y, 0 = -5*y + 2*q + 11. Let a(n) = -6*n - 1. Calculate a(y).
-7
Let g(j) = -5*j + 1. Let t be g(1). Let r(a) = 2*a + 4. Let n(u) = -4*u - 8. Let x(p) = t*n(p) - 9*r(p). Calculate x(-5).
6
Suppose -5*r = 4*o + 32, -5*r + o = -3*o + 8. Suppose 9 = j + 2*j. Let d(f) = -5*f**3 + 2*f**3 + 3*f**2 - 4*f - f**j + 4 + 5*f**3. Determine d(r).
4
Let h(n) = n**3 + 6*n**2 - n + 8. Suppose 15 = 3*d, 5*d = j + 16 + 15. Determine h(j).
14
Let p(n) = n**3 - 3*n**2 - n + 4. Let l = 9 + -4. Let h be -1 + 1 + -3 + 1. Let g = h + l. What is p(g)?
1
Let u(p) be the first derivative of -p**3/3 + 4*p**2 + 3*p + 2. Determine u(7).
10
Let i be 20/(-8) - -3*(-3)/(-18). Let f(h) = -2*h - 2. What is f(i)?
2
Let c(r) = -24*r + 9 - 9 + 8*r. What is c(1)?
-16
Let m(p) = -p**3 - p**2 + 8. Let l be m(0). Let k(s) = s - 5. Let n be k(l). Let j(d) = 3*d - 2 - 2*d - n*d. What is j(-5)?
8
Suppose 2*z = z - 16. Let o = z + 9. Let p(j) = -j**2 - 7*j + 6. What is p(o)?
6
Let x be (-2)/3 - 2/(-3). Let c = x + -1. Let l(s) = s**2 + s + 1. Let q(j) = 5*j**3 + j**2 + j + 1. Let y(v) = 2*l(v) - q(v). Determine y(c).
6
Let p be ((-4)/(-10))/(7/35). Let n be ((-12)/(-10))/(p/5). Let c(t) = t**3 - 3*t**2 + 3*t + 2. Give c(n).
11
Let m(y) = 5*y**2 - 7*y**2 - 3 - 2*y + 3*y**2. Calculate m(-3).
12
Let r(o) be the second derivative of o**4/12 - o**3 - 2*o**2 + 34*o. What is r(5)?
-9
Let z(y) = y**3 - 5*y**2 + 2*y + 1. Let a = -123 + 116. Let h(x) be the first derivative of x**3/3 + 3*x**2 - 5*x - 1. Let j be h(a). Calculate z(j).
-7
Let d(o) = o**2 + 3*o + 1. Let k be 1/((-2)/4)*2. What is d(k)?
5
Suppose -y - 4*y = 0. Suppose 0 = 2*n - l - y*l - 4, l = n. Let o(b) = b**2 - 3*b + 3. Calculate o(n).
7
Let x be -2 + (1 + 1)*2. Let l be (-1)/(-3)*(x + -5). Let a(h) = h + 1. Let q(p) = 9*p + 4. Let w(z) = l*q(z) + 4*a(z). Give w(-1).
5
Let p be 0/(-9) - 12/(-6). Let h(y) be the second derivative of -y**4/12 + y**3/6 - y**2/2 - y. Determine h(p).
-3
Suppose n + 19 = 5*p, -3*p + 2*n + 20 = p. Let t(b) be the first derivative of -3*b - 1/4*b**4 - 3 + 0*b**p + 3/2*b**2. Determine t(2).
-5
Let b(i) =